{"id":68,"date":"2014-08-29T17:11:37","date_gmt":"2014-08-29T15:11:37","guid":{"rendered":"http:\/\/mariecollet.com\/?page_id=68"},"modified":"2024-04-30T18:37:06","modified_gmt":"2024-04-30T16:37:06","slug":"liens","status":"publish","type":"page","link":"https:\/\/www.mariecollet.com\/?page_id=68","title":{"rendered":"Liens"},"content":{"rendered":"<p style=\"text-align: center;\"><a href=\"http:\/\/www.air-coaching.fr\" target=\"_blank\" rel=\"noopener\">Air-coaching<\/a> &#8211;\u00a0<a href=\"http:\/\/www.artstella-elixirs-floraux.fr\/\" target=\"_blank\" rel=\"noopener\">ArtStella<\/a>\u00a0&#8211;\u00a0<a href=\"http:\/\/www.ecole-corinne-morel.com\" target=\"_blank\" rel=\"noopener\">Ecole Corinne Morel<\/a> &#8211;\u00a0<a href=\"http:\/\/www.kahopi-chamanisme.ch\/\" target=\"_blank\" rel=\"noopener\">Kahopi Chamanisme<\/a><br \/>\n<a href=\"http:\/\/www.cercledevie.com\" target=\"_blank\" rel=\"noopener\">Le Cercle de Vie (Maud S\u00e9journant)<\/a>\u00a0&#8211;\u00a0<a href=\"http:\/\/www.pi-conseil.fr\" target=\"_blank\" rel=\"noopener\">PI Conseil<\/a>.<\/p>\n<h3>Quelques livres :<\/h3>\n<p>Les 4 accords Tolt\u00e8ques (Don Miguel Ruiz) \u2013 Cheminer vers la sagesse \u2013 Les sept lois spirituelles du succ\u00e8s (Deepack Chopra) &#8211; Nouvelle Terre (Eckart Tolle) \u2013 Le Guerrier Pacifique (Dan Milan) \u2013 La Dynamique du Bonheur (Murphy) \u2013 L\u2019art de la gentillesse (Piero Ferrucci) \u2013 Quand l\u2019intestin dit non (Jacques Medart) \u2013 Femmes si vous saviez (Professeur Henri Joyeux) \u2013 Le corps ne le sait pas encore (Myriam Brousse) \u2013 Une nouvelle \u00e9nergie pour gu\u00e9rir (Dr Christian Roche) &#8211; Les 7 habitudes de ceux qui r\u00e9alisent tout ce qu\u2019ils entreprennent (Stephen R. Covey) \u2013 Risquer la Libert\u00e9 (Fabrice Midal) \u2013 M\u00e9ditations sur les arcanes du Tarot (auteur inconnu) &#8211;\u00a0L\u2019intelligence intuitive du c\u0153ur (Doc Childe et Howard Martin)..<\/p>\n<p>&nbsp;<\/p>\n","protected":false},"excerpt":{"rendered":"<p>Air-coaching &#8211;\u00a0ArtStella\u00a0&#8211;\u00a0Ecole Corinne Morel &#8211;\u00a0Kahopi Chamanisme Le Cercle de Vie (Maud S\u00e9journant)\u00a0&#8211;\u00a0PI Conseil. Quelques livres : Les 4 accords Tolt\u00e8ques (Don Miguel Ruiz) \u2013 Cheminer vers la sagesse \u2013 Les sept lois spirituelles du succ\u00e8s (Deepack Chopra) &#8211; Nouvelle Terre (Eckart Tolle) \u2013 Le Guerrier Pacifique (Dan Milan) \u2013 La Dynamique du Bonheur (Murphy) \u2013&hellip;<\/p>\n","protected":false},"author":1,"featured_media":0,"parent":0,"menu_order":0,"comment_status":"closed","ping_status":"closed","template":"","meta":{"footnotes":""},"class_list":["post-68","page","type-page","status-publish","hentry"],"_links":{"self":[{"href":"https:\/\/www.mariecollet.com\/index.php?rest_route=\/wp\/v2\/pages\/68","targetHints":{"allow":["GET"]}}],"collection":[{"href":"https:\/\/www.mariecollet.com\/index.php?rest_route=\/wp\/v2\/pages"}],"about":[{"href":"https:\/\/www.mariecollet.com\/index.php?rest_route=\/wp\/v2\/types\/page"}],"author":[{"embeddable":true,"href":"https:\/\/www.mariecollet.com\/index.php?rest_route=\/wp\/v2\/users\/1"}],"replies":[{"embeddable":true,"href":"https:\/\/www.mariecollet.com\/index.php?rest_route=%2Fwp%2Fv2%2Fcomments&post=68"}],"version-history":[{"count":14,"href":"https:\/\/www.mariecollet.com\/index.php?rest_route=\/wp\/v2\/pages\/68\/revisions"}],"predecessor-version":[{"id":510,"href":"https:\/\/www.mariecollet.com\/index.php?rest_route=\/wp\/v2\/pages\/68\/revisions\/510"}],"wp:attachment":[{"href":"https:\/\/www.mariecollet.com\/index.php?rest_route=%2Fwp%2Fv2%2Fmedia&parent=68"}],"curies":[{"name":"wp","href":"https:\/\/api.w.org\/{rel}","templated":true}]}}