{"id":16,"date":"2014-08-29T15:04:27","date_gmt":"2014-08-29T13:04:27","guid":{"rendered":"http:\/\/mariecollet.com\/?page_id=16"},"modified":"2014-10-06T17:45:10","modified_gmt":"2014-10-06T15:45:10","slug":"paraboles-et-citations","status":"publish","type":"page","link":"https:\/\/www.mariecollet.com\/?page_id=16","title":{"rendered":"Paraboles et citations"},"content":{"rendered":"<blockquote><p><em><img loading=\"lazy\" decoding=\"async\" class=\"alignright size-medium wp-image-215\" src=\"http:\/\/mariecollet.com\/wp-content\/uploads\/2014\/08\/oiseau_paraboles-231x300.png\" alt=\"oiseau_paraboles\" width=\"231\" height=\"300\" srcset=\"https:\/\/www.mariecollet.com\/wp-content\/uploads\/2014\/08\/oiseau_paraboles-231x300.png 231w, https:\/\/www.mariecollet.com\/wp-content\/uploads\/2014\/08\/oiseau_paraboles.png 494w\" sizes=\"auto, (max-width: 231px) 100vw, 231px\" \/>\u00abSi vous n\u2019\u00eates pas n\u00e9 avec des ailes, ne les emp\u00eachez pas de pousser\u00bb<\/em><br \/>\nGabrielle Chanel<\/p><\/blockquote>\n<hr \/>\n<p><strong>Prendre du temps pour soi<\/strong><\/p>\n<p>Sur les multiples et rapides chemins de la vie, je m\u2019arr\u00eate quelques instants.<br \/>\nJ\u2019\u00e9coute mes silences et mes tumultes, j\u2019\u00e9coute ce qui se vit, ce qui s\u2019oublie, ce qui se combat aussi dans mon corps.<br \/>\nMes \u00e9motions cach\u00e9es<br \/>\nMes peurs secr\u00e8tes<br \/>\nMes d\u00e9sespoirs \u00e0 vif<br \/>\nMes d\u00e9sirs torrents<br \/>\nMes col\u00e8res temp\u00eates<br \/>\nJe laisse monter en moi, tous ces possibles<br \/>\nDoux et fragiles<br \/>\nViolents et forts<br \/>\nTimides et enflamm\u00e9s.<br \/>\nJ\u2019ai de l\u2019attention pour chacun aim\u00e9s et maltrait\u00e9s.<br \/>\nJe leur fait une place, j\u2019\u00e9coute ce qu\u2019ils me disent, d\u2019o\u00f9 ils viennent, \u00e0 qui ils s\u2019adressent.<br \/>\nJe m\u2019accorde le temps n\u00e9cessaire \u00e0 cette \u00e9coute.<br \/>\nPeut-\u00eatre un souvenir prendra-t-il un sens!<br \/>\nPeut-\u00eatre un lien se fera-t-il!<br \/>\nPeut-\u00eatre une rencontre s\u2019ouvrira-t-elle!<br \/>\nPeut-\u00eatre comprendrais-je enfin comment je reproduis des situations qui m\u2019ali\u00e8nent, des souffrances qui me blessent!<br \/>\nPeut-\u00eatre vais-je d\u00e9couvrir mes richesses en moi camoufl\u00e9es derri\u00e8re l\u2019\u00e9cran de mes interdits, de mes refus!<br \/>\nPeut-\u00eatre vais-je simplement apprendre \u00e0 me mettre \u00e0 l\u2019\u00e9coute du meilleur de moi.<\/p>\n<p>Oui, je choisis aujourd\u2019hui de prendre du temps pour moi&#8230;<br \/>\nEt je me rencontre.<\/p>\n<hr \/>\n<p><strong>La jarre \u00e9br\u00e9ch\u00e9e<\/strong><\/p>\n<p><img loading=\"lazy\" decoding=\"async\" class=\"alignleft size-medium wp-image-288\" src=\"http:\/\/mariecollet.com\/wp-content\/uploads\/2014\/08\/Jarre-300x225.jpg\" alt=\"Jarre\" width=\"300\" height=\"225\" srcset=\"https:\/\/www.mariecollet.com\/wp-content\/uploads\/2014\/08\/Jarre-300x225.jpg 300w, https:\/\/www.mariecollet.com\/wp-content\/uploads\/2014\/08\/Jarre-1024x768.jpg 1024w, https:\/\/www.mariecollet.com\/wp-content\/uploads\/2014\/08\/Jarre-800x600.jpg 800w, https:\/\/www.mariecollet.com\/wp-content\/uploads\/2014\/08\/Jarre.jpg 1600w\" sizes=\"auto, (max-width: 300px) 100vw, 300px\" \/>Un porteur d\u2019eau indien avait deux grandes jarres, suspendues aux deux extr\u00e9mit\u00e9s d\u2019une pi\u00e8ce de bois qui \u00e9pousait la forme de ses \u00e9paules.<br \/>\nL\u2019une des jarres avait un \u00e9clat, et, alors que l\u2019autre jarre conservait parfaitement toute son eau de source jusqu\u2019\u00e0 la maison du ma\u00eetre, l\u2019autre jarre perdait presque la moiti\u00e9 de sa pr\u00e9cieuse cargaison en cours de route.<br \/>\nCela dura deux ans, pendant lesquels, chaque jour, le porteur d\u2019eau ne livrait qu\u2019une jarre et demi d\u2019eau \u00e0 chacun de ses voyages. Bien s\u00fbr, la jarre parfaite \u00e9tait fi\u00e8re d\u2019elle, puisqu\u2019elle parvenait \u00e0 remplir sa fonction du d\u00e9but \u00e0 la fin sans faille.<br \/>\nMais la jarre ab\u00eem\u00e9e avait honte de son imperfection et se sentait d\u00e9prim\u00e9e parce qu\u2019elle ne parvenait \u00e0 accomplir que la moiti\u00e9 de ce dont elle \u00e9tait cens\u00e9e \u00eatre capable.<br \/>\nAu bout de deux ans de ce qu\u2019elle consid\u00e9rait comme un \u00e9chec permanent, la jarre endommag\u00e9e s\u2019adressa au porteur d\u2019eau, au moment o\u00f9 celui-ci la remplissait \u00e0 la source.<br \/>\n<em>\u2013 \u00ab\u00a0Je me sens coupable, et je te prie de m\u2019excuser.\u00a0\u00bb<\/em><br \/>\n<em>\u2013 \u00ab\u00a0Pourquoi?\u00a0<\/em><em>De quoi as-tu honte?\u00a0\u00bb <\/em>r\u00e9pondit le porteur d&rsquo;eau.<br \/>\n<em>\u2013 \u00ab\u00a0Je n\u2019ai r\u00e9ussi qu&rsquo;\u00e0 porter la moiti\u00e9 de ma cargaison d\u2019eau \u00e0 notre ma\u00eetre pendant ces deux ans, \u00e0 cause de cet \u00e9clat qui fait fuir l\u2019eau. Par ma faute, tu fais tous ces efforts, et, \u00e0 la fin, tu ne livres \u00e0 notre ma\u00eetre que la moiti\u00e9 de l\u2019eau. Tu n\u2019obtiens pas la reconnaissance compl\u00e8te de tes efforts\u00a0\u00bb<\/em>, lui dit la jarre ab\u00eem\u00e9e.<br \/>\nLe porteur d\u2019eau fut touch\u00e9 par cette confession, et, plein de compassion, r\u00e9pondit :<br \/>\n<em>\u2013 \u00ab\u00a0Pendant que nous retournons \u00e0 la maison du ma\u00eetre, je veux que tu regardes les fleurs magnifiques qu\u2019il y a au bord du chemin\u00a0\u00bb.<\/em><br \/>\nAu fur et \u00e0 mesure de leur mont\u00e9e sur le chemin, au long de la colline, la vieille jarre vit de magnifiques fleurs baign\u00e9es de soleil sur les bords du chemin, et cela lui mit du baume au coeur.<br \/>\nMais \u00e0 la fin du parcours, elle se sentait toujours aussi mal parce qu\u2019elle avait encore perdu la moiti\u00e9 de son eau.<br \/>\nLe porteur d\u2019eau dit \u00e0 la jarre:<br \/>\n<em>\u2013 \u00ab\u00a0T\u2019es-tu rendue compte qu\u2019il n\u2019y avait de belles fleurs que de TON c\u00f4t\u00e9, et presque aucune du c\u00f4t\u00e9 de la jarre parfaite ? C\u2019est parce que j\u2019ai toujours su que tu perdais de l\u2019eau, et j\u2019en ai tir\u00e9 parti. J\u2019ai plant\u00e9 des semences de fleurs de ton c\u00f4t\u00e9 du chemin, et, chaque jour, tu les arros\u00e9es tout au long du chemin.\u00a0Pendant deux ans, j\u2019ai pu gr\u00e2ce \u00e0 toi cueillir de magnifiques fleurs qui ont d\u00e9cor\u00e9 la table du ma\u00eetre. Sans toi, jamais je n\u2019aurais pu trouver des fleurs aussi fra\u00eeches et gracieuses\u00a0\u00bb.\u00a0<\/em><\/p>\n<hr \/>\n<p><strong>Chance ou malchance ? Qui peut le dire ?<img loading=\"lazy\" decoding=\"async\" class=\"alignright wp-image-40 size-full\" src=\"http:\/\/mariecollet.com\/wp-content\/uploads\/2014\/08\/goutte.jpg\" alt=\"\" width=\"300\" height=\"99\" \/><\/strong><\/p>\n<p>Il y avait dans un village, un homme tr\u00e8s pauvre qui avait un tr\u00e8s beau cheval.<br \/>\nLe cheval \u00e9tait si beau que les seigneurs du ch\u00e2teau voulaient lui acheter, mais il refusait toujours.<br \/>\n<em>\u2013 \u00ab\u00a0Pour moi, ce cheval n\u2019est pas un animal, c\u2019est un ami. Comment voulez-vous vendre un ami?\u00a0\u00bb<\/em> r\u00e9pondait-il.<\/p>\n<p>Un matin, il se rend \u00e0 l\u2019\u00e9table et le cheval n\u2019est plus l\u00e0.<br \/>\nTous les villageois lui disent:<br \/>\n<em>\u2013\u00a0\u00ab\u00a0On te l\u2019avait bien dit! Tu aurais mieux fait de le vendre. Maintenant, on te l\u2019a vol\u00e9&#8230; quelle malchance!\u00a0\u00bb<\/em><br \/>\nLe vieil homme r\u00e9pond:<br \/>\n<em>\u2013<\/em>\u00a0<em>\u00ab\u00a0Chance, malchance&#8230; Qui peut le dire?\u00a0\u00bb<\/em><br \/>\nTout le monde se moque de lui.<\/p>\n<p>Mais 15 jours plus tard, le cheval revient, avec toute une horde de chevaux sauvages. Il s\u2019\u00e9tait \u00e9chapp\u00e9, avait s\u00e9duit une belle jument et rentrait avec le reste de la horde.<br \/>\n<em>\u2013\u00a0\u00ab\u00a0Quelle chance disent les villageois!\u00a0\u00bb<br \/>\n<\/em>Le vieil homme et son fils se mettent au dressage des chevaux sauvages. Mais une semaine plus tard son fils se casse une jambe \u00e0 l\u2019entra\u00eenement.<br \/>\n<em>\u2013 \u00ab\u00a0Quelle malchance!\u00a0\u00bb disent ses amis.<br \/>\n<\/em><em>\u2013 \u00ab\u00a0Comment vas-tu faire, toi qui est d\u00e9j\u00e0 si pauvre, et ton fils, ton seul support, ne peut plus t\u2019aider!\u00a0\u00bb<br \/>\n<\/em>Le vieil homme r\u00e9pond:<br \/>\n<em>\u2013 \u00ab\u00a0Chance, malchance qui peut le dire?\u00a0\u00bb<\/em><\/p>\n<p>Quelques temps plus tard, l\u2019arm\u00e9e du seigneur du pays arrive dans le village et enr\u00f4le de force tous les jeunes gens disponibles.<br \/>\nTous ; sauf le fils du vieil homme qui a sa jambe cass\u00e9e.<br \/>\n<em>\u2013 \u00ab\u00a0Quelle chance tu as, tous nos enfants sont partis \u00e0 la guerre et toi, tu es le seul \u00e0 garder avec toi ton fils. Les n\u00f4tres vont peut-\u00eatre se faire tuer\u00a0\u00bb\u2026\u00a0<\/em><br \/>\nLe vieil homme r\u00e9pond:<br \/>\n<em>\u2013\u00a0\u00ab\u00a0Chance, malchance qui peut le dire?\u00a0\u00bb<\/em><\/p>\n<p>&#8230;Et pour vous, quelle est la morale de cette histoire ?<\/p>\n<hr \/>\n<p><strong><img loading=\"lazy\" decoding=\"async\" class=\"alignleft wp-image-33 size-medium\" src=\"http:\/\/mariecollet.com\/wp-content\/uploads\/2014\/08\/coaching-de-vie-300x205.jpg\" alt=\"coaching-de-vie\" width=\"300\" height=\"205\" srcset=\"https:\/\/www.mariecollet.com\/wp-content\/uploads\/2014\/08\/coaching-de-vie-300x205.jpg 300w, https:\/\/www.mariecollet.com\/wp-content\/uploads\/2014\/08\/coaching-de-vie.jpg 600w\" sizes=\"auto, (max-width: 300px) 100vw, 300px\" \/>L\u2019aveugle:<\/strong><\/p>\n<p>Un jour, un non-voyant \u00e9tait assis sur les marches d&rsquo;un b\u00e2timent avec un chapeau \u00e0 ses pieds et un morceau de carton portant l&rsquo;inscription:<br \/>\n<em><em>\u2013<\/em>\u00a0\u00ab\u00a0Je suis aveugle, aidez moi, s&rsquo;il vous pla\u00eet.\u00a0\u00bb<\/em><\/p>\n<p>Un publicitaire qui se promenait pr\u00e8s de l\u00e0 s&rsquo;arr\u00eata et remarqua qu&rsquo;il n&rsquo;y avait que quelques centimes dans son chapeau. Il se pencha et y versa sa monnaie, puis, sans demander son avis \u00e0 l&rsquo;homme, prit le carton, le tourna et y \u00e9crivit une autre phrase.<\/p>\n<p>Le m\u00eame apr\u00e8s-midi, le publicitaire revint pr\u00e8s de l&rsquo;aveugle et vit que son chapeau \u00e9tait plein de monnaie et de billets. Le non-voyant reconnut le pas de l&rsquo;homme et il lui demanda si c&rsquo;\u00e9tait lui qui avait r\u00e9\u00e9crit sur son carton et ce qu&rsquo;il avait not\u00e9.<br \/>\nLe publicitaire r\u00e9pondit:<br \/>\n<em>\u2013\u00a0\u00ab\u00a0Rien qui ne soit pas vrai, j&rsquo;ai seulement r\u00e9\u00e9crit ta phrase d&rsquo;une autre mani\u00e8re\u00a0\u00bb ;<\/em>\u00a0il sourit et s&rsquo;en alla.<\/p>\n<p>Le non-voyant ne sut jamais que sur son carton il \u00e9tait \u00e9crit:<br \/>\n<em>\u2013\u00a0\u00ab\u00a0Aujourd&rsquo;hui, c&rsquo;est le printemps, et moi je ne peux pas le voir\u00a0\u00bb.<\/em><\/p>\n<p>Change ta strat\u00e9gie quand les choses ne se passent pas bien et tu\u00a0verras que \u00e7a ira mieux.<\/p>\n<hr \/>\n<p><strong><img loading=\"lazy\" decoding=\"async\" class=\"alignright wp-image-32 size-medium\" src=\"http:\/\/mariecollet.com\/wp-content\/uploads\/2014\/08\/coaching-alimentaire-239x300.jpg\" alt=\"coaching-alimentaire\" width=\"239\" height=\"300\" srcset=\"https:\/\/www.mariecollet.com\/wp-content\/uploads\/2014\/08\/coaching-alimentaire-239x300.jpg 239w, https:\/\/www.mariecollet.com\/wp-content\/uploads\/2014\/08\/coaching-alimentaire.jpg 300w\" sizes=\"auto, (max-width: 239px) 100vw, 239px\" \/>L&rsquo;histoire d&rsquo;un pot de mayonnaise et de caf\u00e9<\/strong><\/p>\n<p>Quand il te semble qu&rsquo;il y a \u00ab trop \u00bb de choses dans ta vie, quand 24 heures ne te semblent pas suffisantes\u2026 Rappelle-toi du pot de mayonnaise et du caf\u00e9 !<\/p>\n<p>Il \u00e9tait une fois, un professeur de philosophie qui, devant sa classe, prit un grand pot de mayonnaise vide et sans dire un mot, commen\u00e7a \u00e0 le remplir avec des balles de golf.<br \/>\nEnsuite, il demanda \u00e0 ses \u00e9l\u00e8ves si le pot \u00e9tait plein. Les \u00e9tudiants \u00e9taient d&rsquo;accord pour dire que OUI.<\/p>\n<p>Puis le professeur prit une bo\u00eete pleine de billes et la versa dans le pot de mayonnaise. Les billes combl\u00e8rent les espaces vides entre les balles de golf. Le prof redemanda aux \u00e9tudiants si le pot \u00e9tait plein. Ils dirent \u00e0 nouveau OUI.<\/p>\n<p>Apr\u00e8s, le professeur pris un sachet rempli de sable et le versa dans le pot de mayonnaise. Bien s\u00fbr, le sable remplit tous les espaces vides et le prof demanda \u00e0 nouveau si le pot \u00e9tait plein. Les \u00e9tudiants r\u00e9pondirent unanimement OUI.<\/p>\n<p>Tout de suite apr\u00e8s le prof ajouta deux tasses de caf\u00e9 dans le contenu du pot de mayonnaise et effectivement le caf\u00e9 combla les espaces entre les grains de sable. Les \u00e9tudiants se sont alors mis \u00e0 rire\u2026<\/p>\n<p>Quand ils eurent fini, le prof dit :<br \/>\n<em>\u2013 \u00ab\u00a0Je veux que vous r\u00e9alisiez que le pot de mayonnaise repr\u00e9sente la vie. Les balles de golf sont les choses importantes comme la famille, les enfants, la sant\u00e9, tout ce qui passionne. Nos vies seraient quand m\u00eame pleines si on perdait tout le reste et qu&rsquo;il ne nous restait qu&rsquo;elles. Les billes sont les autres choses qui comptent comme le travail, la maison, la voiture, etc&#8230; Le sable repr\u00e9sente tout le reste, les petites choses de la vie. Si on avait vers\u00e9 le sable en premier, il n&rsquo;y aurait eu de place pour rien d&rsquo;autre, ni les billes ni les balles de golf. C&rsquo;est la m\u00eame chose dans la vie. Si on d\u00e9pense toute notre \u00e9nergie et tout notre temps pour les petites choses, nous n&rsquo;aurons jamais de place pour les choses vraiment importantes. Faites attention aux choses qui sont cruciales pour votre bonheur. Jouer avec ses enfants, prendre le temps d&rsquo;aller chez le m\u00e9decin, d\u00eener avec son conjoint, faire du sport ou pratiquer ses loisirs favoris. Il restera toujours du temps pour faire le m\u00e9nage, r\u00e9parer le robinet de la cuisine\u2026 Occupez-vous des balles de golf en premier, des choses qui importent vraiment. \u00c9tablissez des priorit\u00e9s, le reste n&rsquo;est que du sable.\u00a0\u00bb<\/em><\/p>\n<p>Un des \u00e9tudiants leva alors la main et demanda ce que repr\u00e9sente le caf\u00e9. Le professeur sourit et dit :<br \/>\n<em>\u2013<\/em> <em>\u00ab\u00a0C&rsquo;est bien que tu demandes. C&rsquo;\u00e9tait juste pour vous d\u00e9montrer que m\u00eame si vos vies peuvent para\u00eetre bien remplies, il y aura toujours de la place pour une tasse de caf\u00e9 avec un ami.\u00a0\u00bb<\/em><\/p>\n<hr \/>\n<p><strong>Les trois tamis du dirigeant:<img loading=\"lazy\" decoding=\"async\" class=\"alignleft wp-image-45 size-full\" src=\"http:\/\/mariecollet.com\/wp-content\/uploads\/2014\/08\/tolteques.jpg\" alt=\"tolteques\" width=\"250\" height=\"158\" \/><\/strong><\/p>\n<p>Un dirigeant en entend parfois des vertes et pas m\u00fbres, comme un p\u00e8re qui recueille les plaintes de ses enfants. Il demande qu\u2019on lui apporte des solutions en m\u00eame temps que l\u2019\u00e9nonc\u00e9 des probl\u00e8mes, mais souvent il entend d\u2019autres choses. Comment replacer l\u2019\u00e9change sur un terrain productif et pertinent ? Je vous propose de revisiter l\u2019histoire des \u00ab trois tamis \u00bb, attribu\u00e9e \u00e0 Socrate, dans le monde de l\u2019entreprise&#8230;<\/p>\n<p>Socrate le Directeur dirige une PME en plein essor et il n\u2019a pas encore de vrai management. Aussi, c\u2019est lui que les collaborateurs viennent voir d\u00e8s qu\u2019ils ont un probl\u00e8me, surtout relationnel.<br \/>\nUn jour un collaborateur entre dans le bureau de Socrate le Directeur et lui dit:<br \/>\n<em>\u2013 Socrate, il faut que je te dise comment Philippe s\u2019est conduit.<\/em><br \/>\n<em> \u2013 Attends ! interrompt Socrate, plein de sagesse. As-tu pass\u00e9 ce que tu as \u00e0 me dire \u00e0 travers les trois tamis ?<\/em><br \/>\n<em> \u2013 Trois tamis ? r\u00e9pond l\u2019autre, perplexe et vaguement inquiet d\u2019avoir manqu\u00e9 un process.<\/em><br \/>\n<em> \u2013 Oui mon bon ami : trois tamis. Examinons si ce que tu as \u00e0 me dire peut passer par les trois tamis. Le premier est celui de la v\u00e9rit\u00e9. As-tu contr\u00f4l\u00e9 si tout ce que tu veux me raconter est vrai ?<\/em><br \/>\n<em> \u2013 Non, je l\u2019ai entendu dire, et\u2026<\/em><br \/>\n<em> \u2013 Bien bien. De nos jours ce qui est lu sur internet ou entendu dans un couloir est forc\u00e9ment vrai, n\u2019est-ce-pas ? Tu as une t\u00eate bien faite, peut-\u00eatre pourrais-tu y r\u00e9fl\u00e9chir. Bon, \u00e9videmment, tu l\u2019as fait passer \u00e0 travers le deuxi\u00e8me tamis. C\u2019est celui de la bont\u00e9. Ce que tu viens me raconter, si ce n\u2019est pas tout \u00e0 fait vrai, est-ce au moins quelque chose de bon ?<\/em><br \/>\n<em> H\u00e9sitant, l\u2019autre r\u00e9pond :<\/em><br \/>\n<em> \u2013 Non, ce n\u2019est pas quelque chose de bon, au contraire\u2026<\/em><br \/>\n<em> \u2013 Hum, dit le dirigeant philosophe, te voil\u00e0 mal parti. Essayons de nous servir du troisi\u00e8me tamis, et voyons s\u2019il est utile que tu me racontes ce que tu as envie de me dire.<\/em><br \/>\n<em> \u2013 Utile ? Pas pr\u00e9cis\u00e9ment\u2026<\/em><br \/>\n<em> \u2013 Eh bien ! dit Socrate en souriant, si ce que tu as \u00e0 me dire n\u2019est ni vrai, ni bon, ni utile, je pr\u00e9f\u00e8re ne pas le savoir, et quant \u00e0 toi, je te conseille de l\u2019oublier\u2026<\/em><br \/>\nEt il retourne \u00e0 son dernier email.<\/p>\n","protected":false},"excerpt":{"rendered":"<p>\u00abSi vous n\u2019\u00eates pas n\u00e9 avec des ailes, ne les emp\u00eachez pas de pousser\u00bb Gabrielle Chanel Prendre du temps pour soi Sur les multiples et rapides chemins de la vie, je m\u2019arr\u00eate quelques instants. J\u2019\u00e9coute mes silences et mes tumultes, j\u2019\u00e9coute ce qui se vit, ce qui s\u2019oublie, ce qui se combat aussi dans mon&hellip;<\/p>\n","protected":false},"author":1,"featured_media":0,"parent":0,"menu_order":0,"comment_status":"closed","ping_status":"closed","template":"","meta":{"footnotes":""},"class_list":["post-16","page","type-page","status-publish","hentry"],"_links":{"self":[{"href":"https:\/\/www.mariecollet.com\/index.php?rest_route=\/wp\/v2\/pages\/16","targetHints":{"allow":["GET"]}}],"collection":[{"href":"https:\/\/www.mariecollet.com\/index.php?rest_route=\/wp\/v2\/pages"}],"about":[{"href":"https:\/\/www.mariecollet.com\/index.php?rest_route=\/wp\/v2\/types\/page"}],"author":[{"embeddable":true,"href":"https:\/\/www.mariecollet.com\/index.php?rest_route=\/wp\/v2\/users\/1"}],"replies":[{"embeddable":true,"href":"https:\/\/www.mariecollet.com\/index.php?rest_route=%2Fwp%2Fv2%2Fcomments&post=16"}],"version-history":[{"count":31,"href":"https:\/\/www.mariecollet.com\/index.php?rest_route=\/wp\/v2\/pages\/16\/revisions"}],"predecessor-version":[{"id":334,"href":"https:\/\/www.mariecollet.com\/index.php?rest_route=\/wp\/v2\/pages\/16\/revisions\/334"}],"wp:attachment":[{"href":"https:\/\/www.mariecollet.com\/index.php?rest_route=%2Fwp%2Fv2%2Fmedia&parent=16"}],"curies":[{"name":"wp","href":"https:\/\/api.w.org\/{rel}","templated":true}]}}